
What is 6 + (-5 - -5) - 1?
5
-7 + 0 + -182 + 183
-6
What is the value of (7 - 1) + (-8 - -4)?
2
What is the value of -8 - (-5 + -5 + 5 + 1)?
-4
(-5 + 4 + -3 - 0) + 6
2
What is 2 + (2 - -6 - 4)?
6
Evaluate 2 + 0 - (9 - 7) - 3.
-3
-1 + -8 + (16 - 12)
-5
-3 + (-3 - -5) + -1 - -5
3
What is 2 + 1 + 5 + 1 + -5?
4
-2 - (4 - -1 - 2)
-5
9 - (3 + (5 - (3 - -1)))
5
What is (0 + 3 - (-7 - -7)) + -2?
1
Evaluate (3 - (-4 - -12)) + 8.
3
2 + -6 + 0 - (-6 + 5)
-3
What is the value of -3 + (8 - -3) + -4?
4
Calculate 5 + (-2 - 4 - -10).
9
-8 - 0 - (-5 - -1)
-4
Calculate -4 - (-1 + (6 + -2 - 5)).
-2
What is the value of 5 + -3 + (3 - 1)?
4
What is 8 + (-14 - -1) - -6?
1
Calculate -7 + 3 + 0 + 6 + -4.
-2
What is the value of -1 - ((-9 - -16) + -15)?
7
What is the value of -1 + 2 + 0 + (248 - 252)?
-3
What is 1 - (5 - (-4 - -4))?
-4
Calculate 6 + (-5 - (-11 + 7)).
5
What is (-2 - 5) + 5 + -2?
-4
Evaluate (0 - (6 + -8)) + 4 + -1.
5
Calculate 4 - -3 - (-2 - 2 - -5).
6
What is (4 - -4) + -8 - 5?
-5
Evaluate -7 + 5 + (3 - 0).
1
-1 + -7 + 13 + -15
-10
Calculate (-8 - -5) + (1 - (-3 + -4)).
5
Calculate (-17 - (-11 + 5)) + 8.
-3
Calculate -2 - (-3 - -1) - 3.
-3
Evaluate 9 + 2 + (-2 - -4) - 7.
6
Calculate -10 + 9 + 1 + 2 + -2.
0
(-7 - -2 - -7) + -3
-1
Calculate -4 - (5 + (3 - (5 + 4))).
-3
What is (4 - (4 + (1 - 0))) + -3?
-4
Calculate -4 - (-5 - (-6 - (-6 - -9))).
-8
Evaluate 9 + -21 + 9 - -4.
1
Calculate (2 - 4 - -2 - -4) + -2.
2
8 + -19 + 9 + 9
7
Calculate 4 + -4 + 4 + -7.
-3
Calculate (3 - -2) + -9 + 5.
1
Calculate (2 - -1) + (4 - 5 - 5).
-3
4 - ((5 - 3) + 7)
-5
Evaluate 0 + -7 + 2 + 2 + 5.
2
Evaluate (-5 - (-2 + -3)) + (0 - 4).
-4
Calculate (-1 - 3 - 0 - -5) + 4.
5
Evaluate -1 + 0 + -7 + 16 + -11.
-3
What is -3 + -4 + 2 - -2 - -4?
1
0 - (4 + -11) - 6
1
Calculate 38 + -38 + 3 + -1.
2
Calculate 3 - ((-7 + 3 - -5) + -1).
3
-3 + -4 + -1 + 3 + 5
0
-3 - (-5 + (1 - -2))
-1
Calculate 4 + (-3 - (0 - -2)).
-1
Evaluate -7 + 4 + (5 - 6).
-4
Evaluate (-6 - -2) + 4 - 2.
-2
What is the value of 0 + 10 + 146 + -149?
7
What is 6 + 3 + -4 + -8?
-3
-6 - (-2 + -1) - -1
-2
-3 + (1 - (-3 - -5))
-4
5 + 9 + -6 + -3
5
Evaluate 2 + 4 - (0 - -3).
3
What is the value of 2 - (3 + 1) - -6?
4
What is (5 - 7) + (2 - -1)?
1
Evaluate 3 + -9 + 1 - (4 + -7).
-2
Evaluate 2 + 4 + (1 - 3).
4
Calculate 3 + (4 - 1) + 1 + -4.
3
4 - (-3 + 5 + 4)
-2
Calculate -27 - -26 - (-6 + -2).
7
What is -10 + -2 + 9 + -1?
-4
Calculate (2 - (11 - 8)) + -8.
-9
Evaluate (6 - 2) + (-20 - -38 - 25).
-3
What is the value of (-1 - -3) + (-2 - -1) - 0?
1
What is 5 - -1 - (1 - -2)?
3
Calculate (-5 + -3 - -6) + 1 + 0.
-1
-10 + (7 + -12 - -1) + 7
-7
What is the value of -98 + 102 - (0 + (-4 - -1))?
7
Evaluate -1 + (-1 - 8) + 8 - 2.
-4
What is -8 - (-8 - (6 - 8))?
-2
What is the value of (1 - 0) + -3 + 2 - -2?
2
What is the value of -5 + 2 - (-4 - -1)?
0
What is the value of 2 + -4 + -4 + (-1 - -6)?
-1
What is the value of -11 + 4 + 0 + (3 - 0)?
-4
(4 - 2) + (3 - -1)
6
Evaluate -4 + -2 + 2 + 0 - -8.
4
What is 2 - 8 - (-2 + 1 + -3)?
-2
1 - -3 - (-41 + 42)
3
7 + -1 - (-22 + 24)
4
What is the value of 2 - 7 - (-2 - 2) - 1?
-2
What is -1 - 7 - -2 - (-5 + -3)?
2
Calculate -3 + -1 - ((-11 - -7) + 3).
-3
What is the value of 2 + 3 - 2 - (9 + -3)?
-3
Evaluate ((-3 - 1) + 4 - 0) + -2.
-2
(4 - 4) + -13 + 8
-5
What is 2 + 4 + -7 + 0?
-1
Evaluate -12 - (2 - 13 - (-17 - -11)).
-7
What is the value of 13 + 6 + (-2 - 3 - 5)?
9
4 + -1 + (-2 - (0 + 1))
0
What is -4 + 0 + (15 + -4 - 6)?
1
Calculate (4 - 2) + 3 - 2.
3
What is the value of 3 - (-8 + (1 - 7) + 11)?
6
Evaluate 20 - 15 - 7 - 8.
-10
9 + (-13 + 22 - 20)
-2
Evaluate -6 - (-34 + 31 + (1 - 5)).
1
What is the value of 2 + -1 + 0 + (-53 - -55)?
3
What is the value of -2 + -1 + (20 - 17)?
0
Calculate 8 + -1 + -3 - -1.
5
Calculate 2 + 5 + 4 + -6 - 0.
5
Evaluate 1 + (1 - -2) + 4 - 4.
4
Evaluate 1 + 2 - (-11 + 17).
-3
What is (-2 - -4) + (0 + -3 - 3)?
-4
What is -12 - (-1 + 9 - 24)?
4
What is (30 - 4) + -14 + (2 - 6)?
8
Calculate 5 + 0 - (-2 - (9 + -10)).
6
What is (-1 - -10) + -97 + 80?
-8
Evaluate -2 - (-8 - (6 + -6)).
6
What is the value of 2 + 1 + -5 + (-20 - -18)?
-4
4 + -1 + 2 + 0
5
Calculate 7 + (-2 - 1) + (-1 - -1).
4
Calculate 0 - (2 - (3 - 3)).
-2
(-16 - -23) + (-1 - (3 - -1))
2
Evaluate -4 - (-2 + -5 + 3).
0
-2 + -3 + -4 + -1 + 5
-5
Calculate 8 + -17 + 2 + (1 - -1).
-5
Calculate 5 + ((-1 - -4) + -7 - -1).
2
What is 5 + (-8 - -9) + (2 - 6)?
2
What is 45 - 37 - (4 + (0 - 0))?
4
Evaluate -1 + (-3 - (-2 - 1) - 0).
-1
What is 1 + (10 - 4) + -2 + -3?
2
Evaluate -6 + (15 - 4) + -1.
4
Calculate -1 + (4 - 1) - (5 - 4).
1
What is -3 + -1 + 0 + -8 + 4?
-8
-6 + -2 + (0 - 3) + 5
-6
Calculate 4 - (-12 + 8 + 2 + 1).
5
What is the value of 0 + 1 + 0 + -2?
-1
What is the value of (2 - (-2 - -7)) + 0?
-3
What is the value of -4 + -1 + 1 + 2?
-2
Evaluate (-9 + 1 - 3) + 5.
-6
Calculate 1 - (3 + -3 + 0 + -1).
2
What is the value of -11 - (-19 - -11) - -8?
5
Evaluate (3 - 2) + 0 - (45 - 40).
-4
Calculate (-2 - (-5 + 8)) + 8.
3
What is 0 + -4 + (-4 - -4)?
-4
0 - 2 - ((-1 - -1) + 1)
-3
What is the value of 3 + 4 + (-4 - (2 - 1))?
2
Evaluate -12 - (-10 + 1 + 2).
-5
What is the value of -2 - (-58 + 60 - (0 - -13))?
9
What is the value of -5 + (3 - (-7 + 2))?
3
3 - 5 - 5 - -3
-4
Evaluate (-2 - -1) + (-13 + 9 - -10).
5
Calculate -9 + 6 - (0 + -2) - 2.
-3
Calculate -7 + (6 - (-3 + -4)).
6
Calculate (-3 - -1) + 0 + 0.
-2
6 + (8 - 1 - 7)
6
What is the value of (-2 - -4) + -2 - 2?
-2
Evaluate (-7 - -5 - (3 + 0)) + 2.
-3
Calculate -1 + -6 - (3 - (20 - 13)).
-3
What is the value of -36 - -40 - (2 + -6)?
8
What is 3 + -4 + -1 - (2 + 0)?
-4
What is 1 + -6 - (15 + -20) - 0?
0
3 + 1 + (-5 - -1) + 2
2
What is the value of 6 - (15 - 5 - 5)?
1
Calculate 3 + -3 - 1 - (2 + -1).
-2
What is the value of -5 + (-2 - 7) + 8 + 4?
-2
What is the value of 2 + 1 + (4 - 10) + 3?
0
Evaluate -3 + 2 - (2 + 3 + -6).
0
Evaluate 4 + -5 + 6 + -10.
-5
What is (-5 - -1 - -1) + -5 + 2?
-6
Calculate -2 + 0 + 32 + -28 + 5.
7
Calculate 4 - 5 - (-5 + (-1 - -3)).
2
Calculate -3 + -4 + 5 - (-1 - 0).
-1
What is 0 + (5 + -4 - 6)?
-5
What is -5 - (-2 + -2 + -4)?
3
10 - (4 + -4 - -16)
-6
Evaluate -10 - (3 + -17) - 7.
-3
Evaluate (1 + -1 - -8) + -9.
-1
What is the value of 7 - (2 + -7 + (7 - 1))?
6
What is the value of 2 + 5 - (20 - 11)?
-2
Calculate 2 + 0 + -2 + 4.
4
2 - (2 - -2) - 2
-4
What is the value of -4 + 10 + -1 + -3?
2
What is the value of ((-9 - -5) + -4 - -6) + 6?
4
What is 8 + (8 - (5 - -9))?
2
-6 - 4 - (0 - 12)
2
What is 7 - (-8 - (-11 + -1))?
3
What is the value of 4 + -2 + (-7 - -15 - 5)?
5
Evaluate 10 - 6 - (-1 + 4).
1
Evaluate (8 - (13 - 7)) + 4.
6
What is the value of -6 - -1 - (13 + -12 + 3)?
-9
Evaluate -4 - (-24 + 31 - (0 - -13)).
2
Calculate 7 - (0 + -6 - -10).
3
(0 - -2) + -3 - -6
5
Calculate -4 + -12 - 4 - -12.
-8
-4 + (14 + -4 - 5)
1
Evaluate 6 + (-10 - 1) + 10 - 7.
-2
What is 1 - 7 - (21 + -20)?
-7
Calculate -11 + (-2 - (-3 - -3)) - -4.
-9
Calculate -3 - (10 - (5 - -9)).
1
Evaluate (0 - -2) + (5 - 10 - -2).
-1
-5 + 5 + 7 - 9
-2
Calculate -6 + 1 - (21 + -25).
-1
Calculate (-6 - -9 - 6) + 9.
6
Evaluate -4 - (-4 + (5 - 1)).
-4
-7 - (-2 - 2) - (-7 - -1)
3
(-2 - 0) + -2 + (12 - 8)
0
What is 4 + (3 - 8) - 1?
-2
What is the value of (1 - -6 - 2) + (2 - 1)?
6
-1 + 3 + -2 - (-11 + 15)
-4
Calculate 2 + (2 - -5) + -7.
2
Calculate -6 + (-6 - (-2 + 0)) + 4.
-6
What is -47 - -46 - (3 - 0)?
-4
Evaluate 5 + (-2 - 1) + -4.
-2
Evaluate 1 + -2 - -5 - (17 - 15).
2
Calculate 3 + (-1 + 3 - 8).
-3
Calculate (12 - 8) + (0 - 8) + 13.
9
Calculate -3 - (0 - 0) - (-2 - 1).
0
What is -14 - (-15 + 24 + -14)?
-9
Evaluate 1 + -1 + -6 + (36 - 32).
-2
Calculate 6 + -3 + 7 - 3.
7
Evaluate 0 - 2 - 0 - 2.
-4
What is 5 + (-3 - (6 + -5))?
1
What is 3 + (3 - (-4 + 1 + 4))?
5
Evaluate -6 + 10 + (3 - 3 - 2).
2
What is the value of (8 - 0) + (2 - 8)?
2
What is (3 - -2) + -1 - 13?
-9
-7 + (13 - 8) + -1
-3
Evaluate (-3 - -5) + (-7 - (-4 - -5)).
-6
-3 - (0 + 0 - (-7 + 15))
5
What is the value of -1 + (-1 - -4 - 5) - 3?
-6
What is -2 - (1 + -6 - (0 + 1))?
4
Evaluate -2 + 1 - (-12 - -15).
-4
What is the value of -3 + 2 - -4 - 0 - 2?
1
(7 - 7 - 5) + 2 + 6
3
What is the value of -18 + 10 + -3 + 19 + -1?
7
What is 0 - (4 - (-4 + 14 - 2))?
4
Evaluate (3 - -1) + -3 + (1 - 4).
-2
Cal